ndreds digit of n?
1
Let b(u) = 30*u - 46. Let g(i) = 15*i - 23. Let w(d) = 3*b(d) - 5*g(d). Let t be w(4). Let m = 53 - t. What is the units digit of m?
6
Let j = 15 + -39. Let n = j + -29. What is the units digit of -1 - (-4 - -1) - n?
5
Suppose -3*g = 5*f - 4*g - 2476, 16 = 4*g. Suppose -2384 = -5*i + f. What is the tens digit of i?
7
Let i(r) = 9*r + 10. Let u be i(-1). What is the units digit of (-2*542)/(u + 6 - 9)?
2
Let f(g) = 7*g**3 + 2*g**2 + 2*g + 3. Suppose 14*w - 4 = -4. Suppose 10*x - 7*x - 12 = -2*t, w = 2*x - 4. What is the units digit of f(t)?
6
Let r(u) = 2*u - 28. Let i be r(15). Suppose 5*j - 4*x = 37, -1 = j - 0*x + i*x. Suppose g - 4*w = -j*w + 43, 2*w - 180 = -4*g. What is the tens digit of g?
4
Suppose 7701 - 733 = 13*i. Let c = i - 274. What is the units digit of c?
2
Suppose 3*g - 9 = 0, -2*g + 15459 = 3*n - 3792. What is the units digit of n?
5
Let r(l) = -731*l + 12050. What is the ten thousands digit of r(-62)?
5
Let b(m) = -m**3 - 2*m**2 + 8*m + 8. Let x be b(-5). Let d = x + 275. What is the hundreds digit of d?
3
Let z(i) = -16*i + 32. Let g be z(-14). Suppose g = -w + 17*w. Suppose -2207 = -w*p + 529. What is the units digit of p?
1
Suppose -4*o + 22 = 2*k - 8, -k + 3*o = 5. Let w(i) = 61*i - 38. What is the hundreds digit of w(k)?
3
What is the units digit of 426672/21 + (175/49)/(-5)?
7
Let u = -3 + 6. Suppose 0*m + 3*g = -2*m + 8, 0 = -u*g. Suppose -m*p + 92 = -0*p. What is the tens digit of p?
2
Let x = 341 - -303. Let z = x - 420. What is the units digit of z?
4
Let d be (-2)/2 - (3 + 2 - 432). What is the units digit of (d/36)/((-6)/(-396))?
1
Let k(h) = -19*h - 32. Let t(a) = a**3 + 12*a**2 - 6. Let x be t(-12). Let o(c) = -19*c - 31. Let j(y) = x*o(y) + 5*k(y). What is the hundreds digit of j(11)?
2
Let u(g) = -9*g + 207. Let b be u(23). Suppose 29*d - 365 = -3*v + 31*d, b = -5*v - 5*d + 625. What is the hundreds digit of v?
1
Suppose 3*c + 19449 = m, 3*c + 29388 = -3*m + 87663. What is the ten thousands digit of m?
1
Let f = -237 - -17. Let c(s) = s**3 - 21*s**2 + 21*s - 122. Let h be c(21). Let t = h + f. What is the units digit of t?
9
Suppose 11*f = -4*s + 15*f + 1332, -662 = -2*s - 2*f. Let o = s - 279. What is the tens digit of o?
5
What is the thousands digit of ((-27)/(1 + -10))/(2/(-2)) - -27526?
7
What is the hundreds digit of -5353*((-3)/(-6) - 2)/(24/80)?
7
Let o(g) = g**3 + 19*g**2 + 11*g + 31. Let i(p) = -1. Let u(q) = 6*i(q) - o(q). What is the hundreds digit of u(-19)?
1
Let b(d) = -2*d + 7. Let g be b(3). Let k(n) = -21*n - 23*n + 10*n - g. What is the tens digit of k(-3)?
0
Suppose 105 = -16*o - 23. Let u(f) = 245*f + 10. Let y be u(o). What is the tens digit of 7/28 - y/8?
4
Let z be (-3 - -4) + (-1 - 3) + 5. Suppose 5*a = -5*f + 7735, f + z*f - a = 4633. What is the thousands digit of f?
1
Let o = 1295 - 723. Let l be (-1)/((-1720)/o + 3). Suppose l = 3*n - 1. What is the units digit of n?
8
Let s(z) = 55*z**2 - 4*z + 4. Suppose -5*a + 10 = 5*d, d + 0*d = 0. Let v be s(a). Let p = v - -18. What is the hundreds digit of p?
2
Let u(o) = -2*o + 24. Suppose 0 = 2*s - s - 10. Let p be u(s). Suppose -p*g - 4*j + 90 = -3*g, 4*g - j = 309. What is the tens digit of g?
7
Let f be ((-100)/110)/(2/(-11)). Suppose f*t - 7965 - 280 = 0. What is the units digit of t?
9
Let g = -40 - -44. Suppose -g*b + 6 = 5*r + 194, 244 = -5*b - 4*r. Let y = b + 256. What is the hundreds digit of y?
2
Suppose -11*a = 70*a - 477009. What is the units digit of a?
9
Let w(s) = -8*s**3 - s**2 - s - 1. Let u be 0 + 0 - -3 - (-18 + 22). Let b be w(u). Suppose b*i = 425 + 79. What is the units digit of i?
2
Let v be (1 - 47/(-2))/(2/(-4)). Let t be (-4)/(-6)*(v - 8). What is the units digit of (0 - 0) + t/(-19)?
2
Let n be (-3)/12*-15 - (-3)/12. Suppose 4*y + k - 1412 = 0, -k = -n*y + 2034 - 630. What is the tens digit of y?
5
Let d(k) = -k**2 - k**2 + 2*k + 103 + 6. Suppose -5*l - 4*q = 0, -60*q = -4*l - 63*q. What is the hundreds digit of d(l)?
1
Let a(v) = -49*v + 209. Suppose o - 51 = -56. What is the hundreds digit of a(o)?
4
Let f(o) = -10587*o - 865. What is the hundreds digit of f(-7)?
2
Suppose 29 = 2*y + 15. Let x be (189/(-36))/(3/(-376)). Suppose y*p + 0*p - x = 0. What is the tens digit of p?
9
Suppose 4*q + 0*y - 85 = 3*y, 6 = -2*y. Suppose -q*v + 108 = -25*v. What is the units digit of -2 + (-2678)/v + (-8)/(-36)?
7
Let i(o) = 905*o - 13145. What is the thousands digit of i(21)?
5
Suppose -35*q + 19*q = -308752. What is the units digit of q?
7
What is the units digit of (-661)/(1/(-7)*(-111)/(-222))?
4
Let h = -204 + 208. Suppose 4*f - 5*v + v - 1672 = 0, -3*v + 1637 = h*f. What is the tens digit of f?
1
What is the units digit of (-98)/1127 - 67116/(-23)?
8
Let n(t) = -t**2 - 10*t - 5. Let x be n(-9). Let r(q) = -q + 12. Let c be r(x). Suppose -c*s + 5*s = -27. What is the units digit of s?
9
Let d be (-6 - -4)*358/(-4). Let q = 4 + d. What is the units digit of q?
3
Let i = -1260 + 1113. Let y(n) = -n**3 + 5*n**2 + 7*n + 5. Let d be y(-5). Let o = i + d. What is the tens digit of o?
7
Suppose 5*u + 6154 = 2*s, u = -2*s + 9769 - 3603. What is the units digit of s?
2
Let l(a) = 4*a**2 + 2*a + 1318. Let v be l(0). Suppose -10*b + 4548 - v = 0. What is the units digit of b?
3
Suppose -2*t = -t - 82. Let n = t + 120. What is the tens digit of n?
0
Let s(u) = u**2 + 33. Let x be s(0). Let a = x - -39. What is the tens digit of a?
7
What is the units digit of (-7 - -1200195)/22*1?
4
Suppose -206*a + 216*a = 247470. What is the thousands digit of a?
4
Let s(g) = -145*g - 16. Let h be s(-24). Suppose h - 361 = 3*u + 5*c, 2*c + 5182 = 5*u. What is the hundreds digit of u?
0
Suppose 0 = -3*l - 10*l - 16601. Let r = l + 2061. What is the tens digit of r?
8
Let s = 303 + -431. Let l = 44 - s. What is the hundreds digit of l?
1
Let u be (-3806)/(-154) - 2/21*-3. Suppose -4*z + u + 1751 = 0. What is the units digit of z?
4
Let x be -1 + 6/(-9)*6. What is the tens digit of (132/(-55))/12 - 4176/x?
3
Suppose -7*f - 292 = -2672. What is the tens digit of -7 + f/50 - (-506)/5?
0
Suppose 5*n - 82 = 113. Let l = n - -205. Suppose 26*m = 30*m - l. What is the units digit of m?
1
Let v(r) = 5*r**3 + r**2 + 2*r - 2. Let c be v(1). Let l be -2*c/16*(8 - 340). Suppose -n = 2*x - 135, -n - n + l = -3*x. What is the tens digit of n?
2
Let o(x) = -5*x**2 + 27*x + 4. Let w(d) = -d**2 + d. Let p(m) = -o(m) + 6*w(m). Let a(k) = 3*k**2 + 77*k + 41. Let g be a(-25). What is the tens digit of p(g)?
0
Suppose -2*w - 5*z - 575 = -0*w, 3*w + 3*z + 876 = 0. Let n = w - -581. Suppose 3*y - n = -4*q - 109, -5*y + 295 = -q. What is the tens digit of y?
5
Suppose 2*r - 8367 = -5*t, -4*r - 4*t + 16403 = -337. Suppose -94*p + 101*p = r. What is the units digit of p?
8
Let m be -5 + 17905/(-15)*-3. Suppose 3*i = -5*i + m. Suppose -2*w - 475 = -3*z, -112 = 2*z - 5*w - i. What is the tens digit of z?
5
Suppose -5*q = 5*h - 21253 - 85357, -21325 = -q - 4*h. What is the hundreds digit of q?
3
Suppose 5*g - 13 = 3*z + 70, 3*z = 4*g - 67. Let c = g - 18. What is the units digit of 30/50 + 74/(-20)*c?
8
Let l be (-243)/12 - (-6)/(-8). Let a = l - -19. What is the tens digit of ((-36)/24)/(3/280*a)?
7
Let x = -19 - 6. Let c = -45 - x. Let q = c - -84. What is the tens digit of q?
6
Suppose -7*s - 9*d + 10*d = -58573, 0 = 2*s + 3*d - 16722. What is the units digit of s?
7
Let c be (-52)/(-442) - (-4654)/34. Suppose 357 = f + 3*o, c + 220 = f - 2*o. What is the tens digit of f?
5
What is the tens digit of 1149/((-7 + 220/33)/(-1))?
4
What is the tens digit of 2316 - 2*(8 + -12)?
2
Suppose -34 - 50 = 2*n. Let o = n + 835. What is the units digit of o?
3
Let n be (3 - 9/2)*2. Let p(y) = 30*y**2 + 12*y - 4. What is the tens digit of p(n)?
3
Let r be ((-10)/(-4) - 3)*0. Suppose 2*t + f - 9 = r, 4*f + 8 = t + f. Suppose 26 + 24 = 5*m + 3*l, 0 = -t*m - 4*l + 45. What is the units digit of m?
3
Suppose i = -2*s + 1147, -2*i + s + 2240 = -24. What is the tens digit of i?
3
Let d = -34 + 31. Let x be 12/d + -36 + 1. Let v = 13 - x. What is the units digit of v?
2
Let u be 10704/9 - ((-110)/(-15) - 6). Suppose i = -4*o + 551 + u, 5*o + 5*i = 2170. What is the tens digit of o?
3
Suppose -r + 51*w - 50*w + 2867 = 0, -3*w - 5739 = -2*r. What is the thousands digit o